1
15
-50 (base 6) to base 9
-33
What is -1 (base 5) in base 6?
-1
Convert -1 (base 10) to base 13.
-1
0 (base 5) to base 9
0
Convert -7 (base 12) to base 3.
-21
Convert -2101 (base 4) to base 3.
-12101
What is 63 (base 8) in base 4?
303
Convert 0 (base 12) to base 13.
0
What is 20220 (base 3) in base 15?
c6
Convert 4 (base 11) to base 7.
4
Convert 1 (base 12) to base 2.
1
Convert -10 (base 12) to base 13.
-c
-10100 (base 2) to base 4
-110
What is 3 (base 5) in base 14?
3
What is aa (base 15) in base 6?
424
7 (base 9) to base 11
7
What is 0 (base 14) in base 4?
0
What is 2 (base 13) in base 12?
2
Convert 1 (base 2) to base 10.
1
Convert -b (base 13) to base 12.
-b
Convert -3 (base 16) to base 11.
-3
What is 7 (base 10) in base 16?
7
3 (base 7) to base 14
3
-10 (base 9) to base 15
-9
452 (base 6) to base 2
10110000
Convert -1a (base 13) to base 15.
-18
Convert -10 (base 15) to base 8.
-17
Convert -3 (base 9) to base 10.
-3
Convert -4 (base 15) to base 16.
-4
What is 22 (base 4) in base 15?
a
-248 (base 9) to base 4
-3032
What is 22 (base 4) in base 5?
20
What is 10001111 (base 2) in base 4?
2033
Convert 1010 (base 2) to base 13.
a
What is 14 (base 12) in base 4?
100
What is 85 (base 13) in base 9?
131
What is -1030 (base 5) in base 14?
-a0
-10001001 (base 2) to base 13
-a7
-1 (base 7) to base 11
-1
What is -e (base 15) in base 7?
-20
Convert -1 (base 14) to base 16.
-1
-2 (base 14) to base 8
-2
Convert 2112 (base 3) to base 10.
68
Convert -10001 (base 2) to base 8.
-21
What is -17 (base 15) in base 8?
-26
Convert 3 (base 15) to base 2.
11
112000 (base 3) to base 12
276
Convert 14 (base 15) to base 5.
34
-333 (base 5) to base 6
-233
What is -11 (base 13) in base 6?
-22
What is -124 (base 13) in base 11?
-171
What is 12 (base 6) in base 13?
8
What is 13 (base 6) in base 3?
100
-12 (base 6) to base 2
-1000
-1 (base 9) to base 5
-1
What is -137 (base 14) in base 7?
-500
23 (base 6) to base 14
11
What is -22 (base 6) in base 10?
-14
What is 33 (base 8) in base 13?
21
What is 9 (base 10) in base 14?
9
What is 1 (base 9) in base 8?
1
-f (base 16) to base 13
-12
Convert 10 (base 3) to base 9.
3
What is 1 (base 15) in base 9?
1
What is 202 (base 3) in base 5?
40
-6 (base 12) to base 4
-12
-7 (base 9) to base 3
-21
-7 (base 11) to base 13
-7
-32 (base 6) to base 7
-26
Convert -a1 (base 12) to base 9.
-144
Convert -13a (base 16) to base 14.
-186
What is 220 (base 6) in base 12?
70
What is -37 (base 16) in base 11?
-50
Convert -132 (base 10) to base 6.
-340
-43 (base 5) to base 15
-18
2 (base 3) to base 13
2
What is 2302 (base 4) in base 11?
152
Convert -2 (base 14) to base 5.
-2
What is 11100111 (base 2) in base 9?
276
Convert b (base 16) to base 6.
15
-26 (base 9) to base 8
-30
-2 (base 3) to base 2
-10
What is -8 (base 14) in base 13?
-8
What is -83 (base 9) in base 4?
-1023
-263 (base 10) to base 9
-322
Convert 81 (base 15) to base 7.
232
What is -101001 (base 2) in base 3?
-1112
Convert -10 (base 6) to base 16.
-6
5 (base 11) to base 7
5
What is 12 (base 3) in base 7?
5
What is -1 (base 5) in base 4?
-1
Convert -31 (base 9) to base 15.
-1d
2 (base 10) to base 14
2
Convert 36 (base 16) to base 5.
204
-14 (base 13) to base 16
-11
What is -67 (base 10) in base 5?
-232
-5 (base 8) to base 11
-5
What is -110 (base 12) in base 13?
-c0
What is -123 (base 10) in base 12?
-a3
What is -3203 (base 4) in base 3?
-22102
What is 100100 (base 2) in base 9?
40
16 (base 10) to base 11
15
What is 3132 (base 5) in base 2?
110100001
What is 4 (base 8) in base 3?
11
-4 (base 16) to base 8
-4
What is 0 (base 5) in base 16?
0
What is 7 (base 15) in base 10?
7
Convert -2 (base 6) to base 10.
-2
Convert 110 (base 6) to base 10.
42
What is 14 (base 16) in base 8?
24
-4 (base 13) to base 12
-4
Convert -203 (base 5) to base 6.
-125
Convert -7 (base 10) to base 4.
-13
What is -3 (base 4) in base 11?
-3
What is -11 (base 2) in base 12?
-3
Convert 7 (base 9) to base 14.
7
What is -10111100 (base 2) in base 6?
-512
What is -7b (base 12) in base 15?
-65
-12222 (base 3) to base 4
-2201
Convert -1e (base 16) to base 9.
-33
What is -201 (base 5) in base 12?
-43
-37 (base 13) to base 15
-31
-1 (base 16) to base 13
-1
What is -84 (base 14) in base 16?
-74
What is -2c (base 15) in base 14?
-30
What is 1 (base 14) in base 11?
1
Convert -5a (base 15) to base 13.
-67
Convert 8 (base 11) to base 2.
1000
Convert 3 (base 8) to base 7.
3
Convert -3 (base 9) to base 6.
-3
Convert 2 (base 9) to base 11.
2
-13 (base 14) to base 8
-21
Convert -1 (base 3) to base 6.
-1
-141 (base 7) to base 6
-210
-12121 (base 3) to base 15
-a1
Convert -4 (base 15) to base 7.
-4
Convert 15 (base 16) to base 11.
1a
What is -14 (base 7) in base 5?
-21
4 (base 7) to base 3
11
What is 3 (base 15) in base 2?
11
Convert -40 (base 7) to base 4.
-130
1 (base 5) to base 2
1
Convert -21 (base 8) to base 4.
-101
What is -14 (base 11) in base 9?
-16
-2 (base 13) to base 10
-2
What is 1010 (base 2) in base 11?
a
What is 4 (base 8) in base 16?
4
Convert -11 (base 8) to base 13.
-9
Convert -1 (base 3) to base 8.
-1
Convert -16 (base 14) to base 12.
-18
1231 (base 6) to base 15
157
What is -7 (base 9) in base 11?
-7
What is -3 (base 11) in base 12?
-3
10 (base 2) to base 15
2
-10 (base 9) to base 3
-100
11 (base 16) to base 14
13
Convert -1 (base 13) to base 7.
-1
Convert 21 (base 15) to base 13.
25
What is -1 (base 12) in base 13?
-1
What is -1 (base 7) in base 3?
-1
What is 11 (base 15) in base 4?
100
Convert -f (base 16) to base 13.
-12
4 (base 12) to base 5
4
310 (base 5) to base 16
50
Convert 0 (base 15) to base 11.
0
Convert 4 (base 12) to base 9.
4
Convert -13 (base 10) to base 8.
-15
b (base 14) to base 16
b
Convert -11 (base 9) to base 11.
-a
What is -1 (base 3) in base 10?
-1
Convert -8 (base 13) to base 11.
-8
-103 (base 6) to base 5
-124
-3 (base 9) to base 4
-3
Convert 46 (base 8) to base 10.
38
-21 (base 5) to base 2
-1011
What is -10001001 (base 2) in base 5?
-1022
What is -102 (base 6) in base 5?
-123
What is 13 (base 12) in base 10?
15
What is -9 (base 15) in base 10?
-9
11 (base 4) to base 14
5
Convert -1 (base 14) to base 16.
-1
Convert 3 (base 13) to base 7.
3
What is -20 (base 12) in base 6?
-40
What is 0 (base 10) in base 4?
0
Convert -2 (base 13) to base 5.
-2
-122 (base 6) to base 8
-62
What is -16 (base 11) in base 9?
-18
What is 2 (base 11) in base 13?
2
What is -12 (base 4) in base 14?
-6
Convert -433 (base 5) to base 4.
-1312
What is -404 (base 5) in base 3?
-10212
Convert -3 (base 11) to base 6.
-3
What is 4 (base 5) in base 12?
4
Convert 4 (base 16) to base 3.
11
What is -1 (base 16) in base 9?
-1
Convert -1254 (base 6) to base 11.
-273
-1 (base 12) to base 9
-1
What is -31 (base 5) in base 11?
-15
What is 0 (base 9) in base 16?
0
Convert -2 (base 14) to base 9.
-2
-4 (base 5) to base 10
-4
Convert 18 (base 15) to base 13.
1a
What is 331 (base 5) in base 12?
77
20 (base 14) to base 10
28
What is 100010 (base 2) in base 4?
202
Convert 2 (base 5) to base 8.
2
-42 (base 5) to base 2
-10110
4 (base 6) to base 12
4
What is 1110 (base 2) in base 8?
16
What is 101 (base 2) in base 13?
5
What is -7 (base 8) in base 2?
-111
-10 (base 6) to base 4
-12
Convert 34 (base 5) to base 4.
103
9 (base 13) to base 12
9
What is -c (base 14) in base 6?
-20
What is -1 (base 7) in base 5?
-1
Convert 124 (base 14) to base 11.
198
-6 (base 9) to base 14
-6
What is -4 (base 7) in base 2?
-100
What is 121 (base 5) in base 4?
210
-41 (base 11) to base 16
-2d
Convert 10 (base 5) to base 16.
5
11 (base 2) to base 4
3
What is 4 (base 13) in base 12?
4
Convert 7 (base 9) to base 12.
7
Convert 42 (base 5) to base 6.
34
1001 (base 3) to base 6
44
101 (base 8) to base 2
1000001
What is 10 (base 11) in base 6?
15
What is -5f (base 16) in base 5?
-340
-12 (base 3) to base 4
-11
Convert d (base 15) to base 11.
12
What is 51 (base 13) in base 16?
42
8 (base 11) to base 5
13
What is -6 (base 13) in base 2?
-110
Convert -1131 (base 4) to base 9.
-113
-26 (base 8) to base 16
-16
-10022 (base 3) to base 16
-59
Convert -351 (base 6) to base 12.
-b7
What is -6 (base 16) in base 7?
-6
What is -113 (base 9) in base 6?
-233
220 (base 10) to base 14
11a
Convert -110110 (base 3) to base 9.
-413
Convert -1 (base 14) to base 7.
-1
Convert 1e (base 16)